t of v?
1
Suppose 2*s + 6*y = 2*y + 54, 2*y - 102 = -4*s. Suppose 0 = 10*j - 5*j + s. What is the units digit of (-2 + 1)/(j/10)?
2
Let k(g) = -g**3 + 2*g**2 + 5*g - 2. Let j be k(3). Let l = 42 - j. What is the units digit of l?
8
Let h(q) = -8*q**3 - 16*q**2 + 35*q - 18. What is the hundreds digit of h(-9)?
2
Let k = 34 - -58. What is the tens digit of k?
9
Let g = -8 + 6. Let n = g - -17. What is the tens digit of 534/n - 4/(-10)?
3
Let f(l) = l + 1. Let v(n) = -4*n**2 - n - 2. Let j(o) = -2*f(o) - v(o). Let m be j(-1). Suppose -33 - 42 = -m*s. What is the units digit of s?
5
Suppose -5*c + 9 + 71 = 0. Let p = 13 - c. Let t = p - -17. What is the units digit of t?
4
Suppose 38*u - 75999 = -11*u. What is the tens digit of u?
5
Let v be 42*(-4)/(-14)*3. Suppose 0 = 2*m - m - v. What is the units digit of m?
6
Let f be 16/(-4) - (7 - 10). Suppose -3*b + b = -4. What is the units digit of 228/8 - f/b?
9
Suppose 0 = -22*r + 6269 + 1607. What is the hundreds digit of r?
3
Let t = -99 - -375. What is the hundreds digit of t?
2
Suppose -3*h - 21 + 4 = -2*x, 3*x + h = 9. Let q(g) = -2*g + 4. Let v be q(6). Let o = x - v. What is the units digit of o?
2
Suppose t + 1318 + 653 = 4*d, -3*t = -d + 501. What is the tens digit of d?
9
Let d = -354 - -516. Let k = d + -110. What is the tens digit of k?
5
Suppose -4*g = -4*t - 12, t - 2*g + 9 = g. Suppose -w + 8 = -t*w. Suppose 0 = -w*l + 4*l + 132. What is the tens digit of l?
3
Let v(u) be the second derivative of -u**5/20 + 5*u**4/12 - u**3/2 - 2*u**2 + 3*u. Let a be v(4). Suppose a = -h - 3*h + 88. What is the tens digit of h?
2
Suppose 0 = 3*p - p. Let w be 74 - (3 + -7 + p). Suppose 4*y = 2*r + y - w, -5*r - 4*y + 149 = 0. What is the tens digit of r?
3
Let c(w) = -10*w**3 - 3*w**2 + 1. Let r be c(-3). Let d be 3/((-728)/r + 3). Suppose -4*q + d = 23. What is the tens digit of q?
4
Let u(i) = -97*i + 11. What is the tens digit of u(-3)?
0
Let p(w) = 114*w**2 - 44*w + 214. What is the thousands digit of p(6)?
4
Suppose -3*o = -r - 14, -4*r + 2*r - 19 = -3*o. Suppose 5*i - 34 = 2*s, -o*s - 5*i - 54 = -s. Let t = 44 + s. What is the units digit of t?
2
Let a = -88 - -326. What is the tens digit of a?
3
Suppose -226*m = -228*m + 2052. What is the hundreds digit of m?
0
Suppose 4*t = -6*o + 3*o + 5, 2*o + 12 = 5*t. What is the tens digit of (-1 + 2)*o + 77?
7
Suppose -6*n + 39 = 183. Let d be (-20)/(-6) + n/18. Suppose d*x + x - 90 = 0. What is the units digit of x?
0
Let g(m) = m**3 + m**2 + m + 1. Let o(l) = -5*l**3 - 22*l**2 + 8*l - 40. Let q(r) = 6*g(r) + o(r). What is the units digit of q(16)?
0
Suppose 0 = 4*v + 10*v - 8050. What is the hundreds digit of v?
5
Let i be 0 + 2*-7 - -2. Let v be i/18*(-3)/(-2). What is the tens digit of (-22)/v - (-3 - -2)?
2
Let d = -217 - -212. Suppose z = -2*z - 420. What is the tens digit of ((-3)/d)/((-4)/z)?
2
Let g(m) = 4*m**2 + 8*m + 10. Let t be g(-6). Suppose 4*p - 10 - t = 0. What is the units digit of p?
9
Suppose -5*z - n + 2*n + 6905 = 0, -n = -5. What is the tens digit of z?
8
What is the tens digit of (1268/10)/(2/5 + 0)?
1
Suppose 6*f = 55 - 43. What is the units digit of f?
2
Let w be 3/2*(-5 - 175/(-21)). Suppose 3 = -3*i, 316 + 277 = 2*p - w*i. What is the units digit of p?
4
Suppose -4*t - 4*m = -20, -25 = 4*t - 3*m - 2*m. Suppose z - 53 = -2*v - t, 4*z - 3*v - 179 = 0. What is the units digit of z?
7
Let g be 15 - (-6)/(-1 - 1). Let h = g + -10. Suppose 20 = h*q - 3*j, -3 = q - 2*q + 5*j. What is the tens digit of q?
1
Let b = 128 + 333. What is the tens digit of b?
6
Let o = 21 - 36. Let u = 23 - o. Suppose 4*m + 2*z - u - 8 = 0, 0 = -2*z - 2. What is the tens digit of m?
1
Suppose 3*v - 50 = v. Suppose -6*k + 2*m + 125 = -k, k - v = -m. Suppose -5*h = -190 + k. What is the tens digit of h?
3
Suppose -59 = -4*c - 19. Suppose 0 = -u - u + 26. Let s = u - c. What is the units digit of s?
3
Suppose -2*m = -2*j + 16, -2*m + 14 = j + 3*j. Suppose j*r - 2 - 8 = 0. Suppose -2*x = r - 10. What is the units digit of x?
4
Suppose 3 = 3*i + 6. Let l be -10*((-12)/(-20))/i. What is the tens digit of (l/4)/(2/52)?
3
Suppose 0 = z - m - 2570, m + 9334 = 4*z - 931. What is the units digit of z?
5
Suppose -12*w + 69 = -27. Let l(f) = -f**2 - 7*f + 9. Let p be l(-8). What is the units digit of 10 - (w/4 + p)?
7
Suppose -3*l + 5*s + 687 = 0, -4*s - 231 = -l - 3*s. What is the units digit of l?
4
Suppose 0 = d + u - 1916, 4*d - 5*u - 7664 = -3*u. What is the units digit of d?
6
Let y(h) be the third derivative of h**5/60 - h**4/8 - 8*h**3/3 - 10*h**2. Let j be (-21)/35 + (-43)/(-5). What is the tens digit of y(j)?
2
Let c(p) = 182*p**2. Let t be c(-1). Let r = -129 + t. What is the units digit of r?
3
Let n(s) = s**2 - 12*s - 10. Let a be n(14). Suppose -4*z = -a + 6. What is the units digit of z?
3
Suppose 5*m + 54 = 3*u, -3*u + 4*m - 104 = -7*u. Let p = 10 + -10. Suppose w + 3 - u = p. What is the units digit of w?
0
Let f = -675 - -1518. What is the tens digit of f?
4
Suppose 3*h = -5*r + 1144 - 341, -5*r + 4*h + 796 = 0. What is the units digit of r?
0
Let m(l) = -l**2 + l + 10. Let b be m(0). Suppose 3*i = -2*i - b. What is the units digit of (-3)/i + 189/18?
2
Let i = -28 - -182. Suppose -5*r = -i - 136. What is the tens digit of r?
5
Let d = -903 - -1921. What is the units digit of d?
8
Let d = 9 - 8. Let w = d + -1. Let r(h) = -h + 2. What is the units digit of r(w)?
2
Suppose 3*n = -123 - 75. Let s = -9 - n. What is the units digit of s?
7
Let g be 6/(3 - 0) - 2. Suppose z + g = -2. What is the units digit of (-34)/(-6) - z/6?
6
Let v be 10*(-3 + (-6)/10). What is the units digit of 593/5 + v/(-90)?
9
Let n(t) = -59*t + 6. Let g be n(2). Let s = 0 - g. What is the units digit of s?
2
Let q be 12/9*(-129)/2. Let o = 114 + q. What is the units digit of o?
8
Suppose -14*d - 4*d + 10926 = 0. What is the tens digit of d?
0
Suppose 2*q = 60 + 74. Suppose 45 = 3*z - 4*x, -q = -5*z + 2*x + 2*x. What is the units digit of z?
1
Suppose 3*x - 4 - 2 = 0. Let h be (12/(-5))/((-90)/1350). Suppose 0*l = x*l - 3*v - 39, -h = -2*l + 4*v. What is the tens digit of l?
2
Let w be 14/4*264/77. Suppose w*m - 789 = 9*m. What is the hundreds digit of m?
2
Suppose 20*r + 4 = 24*r, -17789 = -5*x - 4*r. What is the units digit of x?
7
Let c be (-6 + 17)/1 + (1 - 4). Suppose 340 = c*y - 1020. What is the units digit of y?
0
Suppose -15*k = 15*k - 8250. What is the tens digit of k?
7
Let u = -857 + 2659. What is the hundreds digit of u?
8
Let g be 2 + (-3)/((-3)/2). Let i = g + 76. What is the tens digit of i?
8
Suppose 2*r = r - 3*r. Suppose 4*n - 220 = 5*v - 54, r = -n - 2*v + 48. What is the tens digit of n?
4
Let g = -270 - -354. Let a(f) = 5*f**3 - 3*f**2 - f + 1. Let r be a(-2). Let z = g + r. What is the tens digit of z?
3
Let m(j) = 21*j**2 - 7*j - 21. What is the units digit of m(-4)?
3
Let z = 33 + -27. Suppose -3*p = -z*p + 99. What is the units digit of p?
3
Suppose 4*p + p - 3*o - 2578 = 0, -3*p - 4*o = -1570. What is the units digit of p?
8
What is the units digit of ((-3 - -8) + -217)/(3/(-6))?
4
Let j(w) = -2*w + 30. Let k(m) = 2*m - 31. Let d(l) = 6*j(l) + 5*k(l). Let n(s) = s**2 + 2*s. Let q be n(-2). What is the tens digit of d(q)?
2
Let j be 8/20 + 146/10. Let w = 19 - j. What is the units digit of w/(-14) + (-708)/(-28)?
5
Let v = 472 - -567. What is the hundreds digit of v?
0
Let l = -3871 + 7336. What is the tens digit of l?
6
Suppose -d = 17*d - 3438. What is the units digit of d?
1
Suppose -2*p + 0 + 2 = 0. Let r be p + 3 + (215 - -2). Suppose 7 = 4*t - r. What is the units digit of t?
7
Let z = 8 + -7. Let w be 2/z*10/4. Suppose -3*v + 135 = 8*p - 3*p, 0 = -w*v - 25. What is the tens digit of p?
3
Let s(c) = -2*c - 2. Suppose -2*x = 3*a + 11, -4*a + 2*x - 3*x = 8. Let r be s(a). Suppose r*u + u = 20. What is the units digit of u?
0
Suppose -19*y + 3030 = -9339. What is the hundreds digit of y?
6
Suppose -2*k - 46 = -4*f, 3*k - f + 3*f + 53 = 0. Let n = 37 + k. Suppose v - 3*v + n = 0. What is the units digit of v?
9
Let b(w) = w**2 + 2*w + 4. Suppose 5 = -2*d - 1. Let p be b(d). Suppose -p = i - 34. What is the units digit of i?
7
Suppose 4*w = 5*d + 390, -4*w - 110 = 3*d + 156. Let h = 137 + d. What is the tens digit of h?
5
Let m be (16/(-12))/((-2)/6). 